 -27)).
-8
-27 + (-158 + 164 - (4 - (-7 - -5)))
-27
3 + -15 + -51 + 148 - (2 - -1) - -13
95
What is the value of 65 - -16 - 9 - (22 + -13 - -14)?
49
Calculate (80 - -1) + -5455 + 5443.
69
Calculate (2 - 2) + 5 + 111 + -212 + 34.
-62
What is 0 - 19 - (958 + -942)?
-35
Evaluate (-2 + -43 - (-3 - 32)) + 35.
25
Calculate (7 - (54 - -4)) + -16 + -22 + 29.
-60
What is (22 - (2 + -4)) + (-2 - -52) + -64?
10
Evaluate -21 - -26 - 18 - (1 + 3 + -3).
-14
What is (-13 - (29 - (-4 + 28))) + -89?
-107
Calculate 9 + -1 + (-4 - -43 - (60 + 13)).
-26
Calculate (105 - 104) + (6 + -8 - (1 - -2)) + 1.
-3
Calculate -4 - (-32 + 84) - -120.
64
Evaluate -152 + 140 + -69 - (-1 + -44).
-36
What is the value of -2 + -3 + 85 + (60 - 101)?
39
What is the value of (7 - 8) + -4 + -5 + (78 - (-3 - -2))?
69
Evaluate 11 - (13 + -11) - ((2 - -56) + -3).
-46
What is (347 - 274) + (-36 - 3)?
34
Calculate (-19 + 4 + 4 + (9 - 0) - -10) + -127.
-119
Calculate 5 + (-9 - (8 + -8 + 1)) + -1 + 20.
14
What is 34 - (-5 - ((-19 - (3 - 1)) + 12))?
30
Evaluate (-862 - -748) + (-6 - -193).
73
Evaluate 87 - (25 - 0 - -25 - 40).
77
Calculate 14 + -21 + -7 + 10 + 7 - 77 - 5.
-79
Evaluate -123 + (0 + (9 - 17) - 2 - (-2 + -1)).
-130
What is the value of (67 - 65) + (0 + 0 - 0 - (-49 + 52))?
-1
85 - (11 + 265 + -88)
-103
-61 - (29 + -79 - 49)
38
(-17 - (-45 + 4)) + 28 + -54
-2
Calculate (-32 - -4) + 4 + 34 + -101.
-91
Evaluate (-38 - -11 - 3) + (16 + -5 - 6).
-25
-1 - ((2 - 13) + -30 + (36 - 14) + 14)
4
(48 - (4 + (4 - (5 - -1)))) + -919 + 926
53
Calculate 39 + (-168 + 30 + -15 - -10).
-104
What is the value of -28 - (21 + -37 + -21) - (0 - -52)?
-43
What is the value of 8 + -1 - (119 + -110) - 128?
-130
(-34 - 14) + -113 + 155
-6
Calculate -1 - -6 - (-33 - -43) - (-4 - 0) - -8.
7
What is the value of 3 + -84 + 0 + -3 + (40 - -20) + -49?
-73
Calculate -7 - 2 - (289 + -390 - (-3 + -1 + 20)).
108
Evaluate -1 - 9 - (13 + (5 - 11) + 18).
-35
What is 100 + -115 - (19 - 2) - 50?
-82
13 - (10 + 1 - (-15 - -59 - 41))
5
What is the value of (-15 - -2) + -66 + 76 - 60?
-63
What is the value of 11 + 27 - (1 + 13)?
24
What is the value of -131 + (50 - 9) - -36?
-54
Calculate -25 + 4 + 34 + -5.
8
Evaluate (-3 + 35 - 7) + -3 - (28 + -34).
28
-2 - -78 - (-467 + 518)
25
-1 + (-16 - 11 - (-74 - -14))
32
Calculate (43 - 60 - -71) + 6.
60
What is -7 - 27 - 0 - (-7 + 4 - -6)?
-37
What is 331 - 316 - (8 + -4 + 14 - -6)?
-9
What is (-126 - 20) + (-371 - -472)?
-45
(-47 + 4 - -2) + (-9 - -31)
-19
Calculate 1465 - 1452 - (1 - -50).
-38
What is 107 + -60 + 49 - 5?
91
Evaluate (-5459 - -5409) + 2 + 2 + -19.
-65
Evaluate 32 + -41 + -17 - (-23 + 11).
-14
What is 18 - (6 + 3) - (41 - 4 - 4)?
-24
Calculate 64 - (-18 - (-12 - ((14 - 12) + -14))).
82
Evaluate (113 - 78) + -85 - -55.
5
What is the value of 8 + (22 - (11 + 61)) - -10?
-32
What is -20 - (18 - (4 + 14 - 13))?
-33
Evaluate -2 + -91 + 73 + -2 + -20.
-42
-5 + 168 + (38 - 161) - (-9 - (1 - 0))
50
What is -2 + 11 + -38 - (244 + -266)?
-7
Evaluate 96 + (46 + -25 - (17 + 5)).
95
-9 + -3 + 7 + -1 + 1 + 22 + 3
20
Calculate 56 - (80 + 55 + -98).
19
What is the value of 16 - (-105 + 155 - -22)?
-56
Calculate 97 + 138 + -186 + -75.
-26
What is (-38 - (-171 - -90)) + 29?
72
What is -7 + (12 - (10 - 6) - (-11 + 133 + -7))?
-114
Calculate -42 - (-4 + -136) - (3 - -26).
69
0 + (7 - 0) - (-110 - (-24 - 5 - 7))
81
Evaluate 3 + (-28 - (-27 + 8) - -24 - -9).
27
Evaluate 6395 + -6319 + -36 + -1.
39
Evaluate 13 + (-20 - -10 - -13) + (-7 - 5).
4
What is -4 + -8 - (27 + -73 + (-6 - 3))?
43
What is 26 + -14 + (-2 - (-1 - 13))?
24
What is (22 - 11) + -36 - (-18 + -11 + 5)?
-1
106 - (21 + -22 - (-1 + 6 + -7))
105
Calculate (-54 - -1) + (2 - -71).
20
What is (-3 - (6 - 0)) + 3 + (13 - (45 - 15))?
-23
Evaluate -40 + 47 + -47 + -17.
-57
Calculate 71 + 5 + -6 + -6 - (177 - 166).
53
What is (46 + -9 - -4) + 4 + -2 + -2?
41
(-431 - -375) + 17 + -2 + (-2 - -2)
-41
-11 - -1 - ((-46 - -21) + 23) - 29
-37
Evaluate (-22 + 0 + 3 - (26 - (-32 - -66))) + -5.
-16
What is 97 + -38 - (-8 - (-7 - (-6 + 5)) - -12)?
49
-18 + (11 - 50 - -19) + 6
-32
Calculate -2 - 2 - 28 - (85 + -87 + 24).
-54
Evaluate -16928 + 16942 - (-8 + 0).
22
What is (2 + 9 + (-160 - -159) - 4) + 0 + 29?
35
Calculate 32 - (52 + -22 + -47).
49
(-8 - 2) + 27 + -140 + 34 + -20
-109
27 + 54 + -22 + (-4 + 1 - -9)
65
What is the value of 5 - 3 - (4 + -1) - (40 - (68 + 42))?
69
Calculate -14 + -1 - ((-19 + -9 - -1) + 22) - 52.
-62
46 - (30 - (39 - 14) - -15)
26
What is the value of 19 - (9 - 21) - 165 - -35?
-99
What is the value of (-39 - 46) + 14 - (1 + 0 - 0)?
-72
What is the value of -3541 + 3423 + -2 + 68?
-52
(18441 - 18473) + -83 + 1
-114
What is the value of (-75 - 95) + 109 + 15?
-46
What is (33 - (21 + -34) - 159) + 39?
-74
What is the value of -36 + -1 + (237 - (370 + -228))?
58
What is the value of -1 - 19 - (-70 + 72 - (2 - -8))?
-12
Evaluate -5 + (1 - (1 + 0)) - (196 - (-10 + 181)).
-30
What is 4 + (-2 - -1) + (-73 + 70 - -3) + 74?
77
Calculate (-26 - ((6 - 13) + (15 - -2))) + (2 - 7).
-41
Evaluate (-37 - (6 - 23)) + 64.
44
-35 + 2 - (7 + -25) - (1 + 2 - 5)
-13
What is (-7 + (4 - 3) - 4) + (-4 - -1) - 55?
-68
What is the value of -85 + 67 + 180 - 103?
59
-6 + (67 - 48 - 10 - (-4 + 2 + 57))
-52
What is the value of -2 + -13 - (159 + -149 + -43)?
18
Calculate -6 - 47 - (-23 - 69).
39
What is the value of 0 - -31 - (31 + -7) - (51 - (-1 + -1))?
-46
What is 1000 + -942 + (-1 - 39)?
18
What is the value of 1 + 3 - ((413 - 429) + (1 - -18)) - -70?
71
What is 1135 + -1226 + 0 + 0 + 15 - -16?
-60
Evaluate -2 + 3 + -15 - (-33 + (-12 - (27 - 77))).
-19
Evaluate 24 + (12 - 48) + 59.
47
Calculate (24 - (1 + 110)) + -11 + -6 + 8.
-96
What is 16 + 8 + -1 + -32 + 7 + 16?
14
(-10 + 35 - 58) + 83
50
What is the value of -213 - -180 - (0 - -45)?
-78
What is the value of 5 - (-2 + 10 - -44) - (11 - 12 - 0)?
-46
Evaluate ((15 - 12) + 8 - -16) + (-3 - -5).
29
10 + (-12 - (-17 + -14)) - 65
-36
What is the value of 46 + -7 + 3 + 108 + -131?
19
Evaluate 50 + 8 + -487 + 447.
18
Calculate 10 - 1 - (4 + (-5 - -6) - (-83 + 19)).
-60
What is 1 + 2 + -6 - (-21 - (-50 + 27)) - -26?
21
What is the value of 36 + (-20 - -67) + -136?
-53
Evaluate -15 + 4 + (12 - (-12 - (-7 - 0))).
6
What is the value of (-18 - (-3 + 5)) + -22 + 41?
-1
What is -33 + 31 + (20 - 50)?
-32
-38 + (-1056 - -1056) + -3 + 2 + -7
-46
18 + 7 + -27 + (-1 - -3 - 12)
-12
Calculate -68 - (-1 - -19 - 20 - 15).
-51
What is the value of (28 - ((24 - 24) + 95)) + (2 + 5 - 0)?
-60
What is 0 - (-1 - -61) - (1 + 5 - (-82 + 90))?
-58
Calculate 74 - (-5 + 2 + (-10 - -16) + -15).
86
What is the value of 2 + (-7 - 8) + 18 + -84 + -5?
-84
What is -33 - (16 + (2 - 43))?
-8
What is -1 - ((-1 - -3) + -11) - (7052 - 7051)?
7
Evaluate 4 - 0 - (24 - 27).
7
What is -5 + 51 + (-91 - -123)?
78
Calculate (4 + -6 - (18 + 12 + -16)) + (-4 - -2).
-18
What is (-31 - -33) + (-17 - -21) + -31?
-25
Calculate 167 + -23 + (-6 - (-11 + (-7 - -8))).
148
28 + (-68 - -104) - (0 - (-2 + -5))
57
Evaluate 0 + -9 + (-24 - -31 - (-2 + -2)).
2
Calculate (-21 - -32) + 3 + -3 + 2 + -15 + 41.
39
Evaluate 7 - (15 + (-52 - -28)).
16
(-211 - -210 - (-1 - 0)) + -39
-39
Calculate 52 - 61 - (5 + 4 + -81 + (9 - 2)).
56
What is -8 + 5 - (-47 - -1 - (71 - 75))?
39
Calculate 69 - (30 + 10 + -24 + 4 - 3).
52
What is -16 - (-6 - (6 + 0 + -6)) - 30?
-40
Evaluate (16 + -6 - -27) + -33 + -124.
-120
Calculate -12 + 1 + 47 + -40 + 74.
70
Evaluate (170 - (-44 - -142)) + 23.
95
What is the value of 0 + 63 - (1 + -3 + (427 - 440) - -2)?
76
Evaluate 51 - (-164 - (-64 - 52)).
99
(-16 + 2 + 10 - -4) + -60 + 10
-50
What is 39 + (-14 - -25 - (-12 + 21))?
41
What is -18 + 0 + (-434 - -450) + (-8 - -3)?
-7
Calculate -9 + 5 + 60 - ((26 - 28) + -9).
67
What is -71 + 77 - -55 - 70?
-9
What is the value of 23 - 0 - ((-33 - -80) + -66)?
42
Calculate 7 + -4 + 2 + 1 - (23 + -66 - -50).
-1
What is the value of -9 + -4 + -17 - (6 - -6)?
-42
What is the value of -4 - (8 + -87 - -94)?
-19
Calculate (1 - 21) + (-15 - (26 - (34 + -21) - 41)).
-7
What is 34 + (-12 - (5 - 3 - 4 - 1))?
25
Evaluate -28 - (-1 + -1 - 4 - (22 + 11 + -41)).
-30
-24 + 34 - (5 - 28)
33
Calculate -695 - -647 - (-19 - -3).
-32
Evaluate 3 - 16 - (-4 + (10 - 16)) - (-6 - -1).
2
(-7 - 12) + 12 + 16 + -10
-1
E